pose -3*v = -4 - 2. Calculate the remainder when v is divided by ((-12)/9)/((-4)/6).
0
Suppose j - 18 = -4*q, -j + 8 = 3*q - 3*j. Suppose -q*w = w - 115. What is the remainder when w is divided by 13?
10
Let p = -10 - -15. Suppose p*q = -15 + 175. Calculate the remainder when q is divided by 7.
4
What is the remainder when 68 is divided by (3/(-4))/((-11)/220)?
8
Suppose 3*y - 8*y = -70. Let n(t) = t**3 - 5*t**2 + 7*t - 4. Let r be n(4). Suppose r*v - 10*v + 52 = 0. What is the remainder when v is divided by y?
12
Let z(g) = -g**2 + g - 2. Suppose 4 = -2*m - 0*m. Let x be z(m). What is the remainder when 14 is divided by (-52)/(-6) + x/12?
6
Let s(f) = -f + 9. Let w be s(11). Let m be (w - 0) + (-1 - 4). Let c(x) = -2*x - 9. What is the remainder when 8 is divided by c(m)?
3
Let m(t) = 2*t + 51. Calculate the remainder when 110 is divided by m(-7).
36
Let q = 21 - 13. Calculate the remainder when 13 is divided by q.
5
Let h(w) = -w**2 + 18*w - 37. What is the remainder when h(15) is divided by 3?
2
Suppose -4*g = -5*f + 18, 0*g + 15 = 3*f - g. Suppose 2*s - f = 2. Suppose p + s = 0, l - p - 25 = -0*p. Calculate the remainder when l is divided by 12.
9
Suppose -3*w = 4*g - 98, -4*w + 37 = 4*g - 59. Let p = 178 + -169. What is the remainder when g is divided by p?
8
Let m(l) = 40*l**2 + 2*l + 1. Let q be m(-1). Let b be 6 + -2 + -1 + 0. Suppose 0 = -b*t - 0*t + q. What is the remainder when 37 is divided by t?
11
Suppose -246 = -4*a - 2*a. What is the remainder when a is divided by ((-9)/6)/(6/(-56))?
13
Let o = 54 - 27. Let v = 0 - -8. Suppose v = 4*j - 48. What is the remainder when o is divided by j?
13
Suppose 4 + 2 = t. What is the remainder when (3 - 2) + 2/2 is divided by -1 + 3 - (-5 + t)?
0
Let u = 29 + -8. Let l(o) = 17*o - 22. What is the remainder when l(6) is divided by u?
17
Let d(c) = 3*c**2 - 16*c. What is the remainder when d(6) is divided by 7?
5
Let r(i) = i + 7. Let k(u) = -u**2 + 11*u - 16. Calculate the remainder when k(9) is divided by r(-6).
0
Calculate the remainder when 94 is divided by (1*-1)/(7/(-133)).
18
Calculate the remainder when 76 is divided by (3 + -2)*(6 + 7).
11
Let b = -12 - -7. Let q = b + 7. Calculate the remainder when 2 is divided by q.
0
Let q(a) = a - 4. Let c be q(8). Let l = c - 3. Calculate the remainder when 2 is divided by l.
0
Let j be 2 - (0 - (-3 - 0)). Let a(b) = -8*b**3 + b**2. Calculate the remainder when a(j) is divided by 4.
1
Let h = 144 + -241. Let f = -50 - h. What is the remainder when f is divided by 10?
7
Let z be (1 - 0 - 3) + 2. Suppose z = -2*u + 3*u - 16. Suppose 3*b = -4*l + 35, 2*l - 40 = 3*b - 7*b. What is the remainder when u is divided by b?
7
Let v(d) = 5 + d**2 + 2*d + d**2 - 3 + 1. Calculate the remainder when v(-3) is divided by 9.
6
Suppose -5*f - c + 121 = 0, 14 = f + 3*c + 1. Calculate the remainder when 97 is divided by f.
22
Suppose -i = 3*i - 504. Calculate the remainder when i is divided by 32.
30
Suppose -4*f + 0*f + y + 11 = 0, 5 = -5*f - 5*y. Suppose -16 = 6*p - f*p. What is the remainder when 43 is divided by ((-5)/p)/(2/24)?
13
Suppose 4*o - 10 + 2 = 0. Suppose m - p - 24 = 0, -m + 43 - 14 = -o*p. What is the remainder when 36 is divided by m?
17
Suppose 2*q + 7 = 15. Calculate the remainder when 11 is divided by q.
3
Let z(o) = -o**3 + 7*o**2 - 4*o - 8. Calculate the remainder when 15 is divided by z(6).
3
Let d be ((-4 + 0)*1)/(-2). Let a = 10 - d. What is the remainder when a is divided by 3?
2
Let r = 11 - 15. Let u(d) = -2*d. What is the remainder when 31 is divided by u(r)?
7
Let a(p) = -p**2 - 6*p + 4. Suppose o - 3*o = 12. What is the remainder when 10 is divided by a(o)?
2
Let z(i) = -i**2 + 6*i - 5. Let j be z(4). Suppose -j*k = -k - 28. Calculate the remainder when k is divided by 24/9*(4 + -1).
6
Suppose 3*k - 7*k = -24. Let s(o) = 4*o - 3. What is the remainder when s(3) is divided by k?
3
Suppose -7*c = -2*c - 15. Let q be 54/(-15)*40/(-12). Suppose -l - 2*l = -q. What is the remainder when l is divided by c?
1
Let x(p) be the third derivative of 11*p**6/120 + p**5/60 - p**3/6 + p**2. What is the remainder when 31 is divided by x(1)?
9
Suppose -4*x = -9*x. Let n = 14 - x. What is the remainder when n is divided by 5?
4
Let c = 28 + -27. Calculate the remainder when c is divided by 1.
0
Let j be (5 + 0 - 3)*1. Let x(v) = -v + v**j - 1 - 2 + 7. What is the remainder when x(-3) is divided by 6?
4
Suppose 0 = -x - 4*x + 2*u + 218, -2*u - 130 = -3*x. Let t be (-1)/(9/6 + -1). Calculate the remainder when x is divided by (12/t)/3 - -17.
14
Suppose 8*l + 4*s - 19 = 3*l, 4*s = -3*l + 13. Let q = l - -8. Suppose -5*c = -11*c + 186. Calculate the remainder when c is divided by q.
9
Suppose o + 12 = 2*o. Calculate the remainder when 59 is divided by o.
11
Let c = 61 - 11. Let y(h) = -h**2 + 12*h + 6. Calculate the remainder when c is divided by y(11).
16
Suppose 0 = 2*y + y - 9. What is the remainder when (-3)/(2 - 2 - y) is divided by 1?
0
What is the remainder when (-471)/(-7) - 8/28 is divided by 23?
21
Let a(v) = -16*v + 7. Let y be a(-3). Let m = -26 + y. What is the remainder when 57 is divided by m?
28
Suppose -26 - 9 = -n. Calculate the remainder when n is divided by 19.
16
Let f(t) = -5*t**3 - t**2 + t. Let p be f(1). Let r = p - -9. Suppose -r*q - 3*a - 8 = a, 0 = 5*a + 25. Calculate the remainder when 4 is divided by q.
1
Let n(r) = -r**2 + 5*r + 10. Let y be n(6). Suppose 197 = 3*c - 5*v - 0*v, y*c - 2*v = 286. What is the remainder when c is divided by 25?
24
Let c = 7 - 11. Let r = c + 7. What is the remainder when 6 is divided by r?
0
Let o be 4/(-8)*-1*0. Suppose o = -3*f + 5*f - 44. What is the remainder when 42 is divided by f?
20
Let u(s) = 18*s + 2. Let g be u(1). Suppose -2*k - g = -6*k. What is the remainder when k is divided by 3?
2
Calculate the remainder when 33 is divided by 6*1*(104/(-24) - -5).
1
Let o = -4 + 7. Suppose 0*t + 22 = 2*n + o*t, 4 = -2*t. Suppose -17 = -i + 5*w + 4, 3*i - 107 = 4*w. Calculate the remainder when i is divided by n.
13
Suppose 3*g = -2*g + 55. Let k = g + 1. Calculate the remainder when 34 is divided by k.
10
Suppose 5*m = 0, 4*u + 0*u - 3*m = 0. Suppose u = -r + 4*r - q - 74, 4*q + 112 = 4*r. What is the remainder when r is divided by 12?
11
Suppose 51 = 2*h + 21. Let n = 36 + -7. What is the remainder when n is divided by h?
14
What is the remainder when (5/(5/(-2)))/((-8)/436) is divided by 7?
4
Let s(d) = 5*d - 7 + 4 + d. Calculate the remainder when 61 is divided by s(4).
19
Let h(i) = 14*i - 1. Let k be h(1). Let a(x) = 2*x - 17. Calculate the remainder when 15 is divided by a(k).
6
Suppose 5*g + 103 = 4*y, 5*g = -y + g + 52. What is the remainder when 157 is divided by y?
29
Let s(f) = 2*f**2 - 4. Let n = 28 + -26. Let h(z) = -10*z. What is the remainder when h(-1) is divided by s(n)?
2
Suppose -5*i + 645 = 105. Suppose 2*k + 32 = 6*k. What is the remainder when k is divided by (-6)/15 - i/(-20)?
3
Suppose 9*u - 4*u - 50 = 0. What is the remainder when 16 is divided by u?
6
Let m(o) = -2*o + 92. Calculate the remainder when m(15) is divided by 21.
20
Let y(v) = 2*v**2 + v. Let x be y(1). Suppose 4*j - 45 = 5*b, x*j + 2*j - 49 = -b. Suppose -319 = -3*h - 8*h. What is the remainder when h is divided by j?
9
Suppose -w = -2*w + 2. Suppose 4*g = 8, 2*m + 3*g - 14 = -2*m. What is the remainder when m is divided by w?
0
Let z = 52 - 13. What is the remainder when z is divided by 5?
4
Let y = -51 + 217. Calculate the remainder when y is divided by 24.
22
Let b = -16 - -31. Suppose -a = -0*a - b. Calculate the remainder when 43 is divided by a.
13
Let h = 57 - 39. Calculate the remainder when 67 is divided by h.
13
Suppose 3*r + 8*c - 3*c = 24, -16 = -2*r - 4*c. Suppose -8*x + 7*x + r = 0. What is the remainder when 21 is divided by x?
5
Suppose z + 2 = -2*p, -4*p = -5*z - 2*p + 38. Suppose -r + 3*r - z = 0. Suppose u - 28 = r*c, -c + 56 = u + u. What is the remainder when u is divided by 15?
13
Let z(w) = -4*w**2 + 9*w - 69. Let f(i) = i**2 - 2*i + 17. Let h(k) = 9*f(k) + 2*z(k). What is the remainder when (3 - -40)/(-2 - -3) is divided by h(0)?
13
Let y be (-1)/((-1)/5*-1). What is the remainder when 54 - (y - -2)/(-3) is divided by 18?
17
Let g = 21 + -15. What is the remainder when g is divide